{"id":256,"date":"2020-06-16T08:16:57","date_gmt":"2020-06-16T08:16:57","guid":{"rendered":"https:\/\/editionhazard.ch\/?page_id=256"},"modified":"2025-03-12T20:17:09","modified_gmt":"2025-03-12T20:17:09","slug":"edition-hazard","status":"publish","type":"page","link":"https:\/\/editionhazard.ch\/","title":{"rendered":""},"content":{"rendered":"\n<h2 class=\"wp-block-heading\">Bruttofatalprodukt<\/h2>\n\n\n\n<figure class=\"wp-block-image size-full is-resized\"><img loading=\"lazy\" decoding=\"async\" width=\"874\" height=\"620\" src=\"https:\/\/editionhazard.ch\/wp-content\/uploads\/2023\/08\/EH_Brutto_Cover_WEB-002-1.jpg\" alt=\"\" class=\"wp-image-634\" style=\"width:340px;height:241px\" srcset=\"https:\/\/editionhazard.ch\/wp-content\/uploads\/2023\/08\/EH_Brutto_Cover_WEB-002-1.jpg 874w, https:\/\/editionhazard.ch\/wp-content\/uploads\/2023\/08\/EH_Brutto_Cover_WEB-002-1-300x213.jpg 300w, https:\/\/editionhazard.ch\/wp-content\/uploads\/2023\/08\/EH_Brutto_Cover_WEB-002-1-768x545.jpg 768w, https:\/\/editionhazard.ch\/wp-content\/uploads\/2023\/08\/EH_Brutto_Cover_WEB-002-1-600x426.jpg 600w\" sizes=\"auto, (max-width: 874px) 100vw, 874px\" \/><\/figure>\n\n\n\n<p>&#8222;Bruttofatalprodukt&#8220; ist der zweite Band mit Einw\u00fcrfen. Diese sind der Versuch, die wichtigsten Aspekte eines durchschnittlichen Lebens in Form von Spruchpostkarten zu verhandeln. Warum? Weil dem Ernst des Lebens eh nur mit Humor beizukommen ist. <\/p>\n\n\n\n<p>Nach den grossen Dingen von Band 1, &#8222;Im Durchschnitt lebensl\u00e4nglich&#8220;, geht es diesmal um die Plackerei des Gelderwerbs. Der frisst uns gew\u00f6hnlichen Menschen ja fatal viele Stunden von dem Rest, den uns der Schlaf l\u00e4sst.<\/p>\n\n\n\n<h2 class=\"wp-block-heading\">Der fliegende Tintenfisch<\/h2>\n\n\n\n<p> <img loading=\"lazy\" decoding=\"async\" width=\"150\" height=\"212\" class=\"wp-image-512\" style=\"width: 150px;\" src=\"https:\/\/editionhazard.ch\/wp-content\/uploads\/2021\/04\/Tintenfisch_Titelbild_Web.jpg\" alt=\"\" srcset=\"https:\/\/editionhazard.ch\/wp-content\/uploads\/2021\/04\/Tintenfisch_Titelbild_Web.jpg 1240w, https:\/\/editionhazard.ch\/wp-content\/uploads\/2021\/04\/Tintenfisch_Titelbild_Web-212x300.jpg 212w, https:\/\/editionhazard.ch\/wp-content\/uploads\/2021\/04\/Tintenfisch_Titelbild_Web-724x1024.jpg 724w, https:\/\/editionhazard.ch\/wp-content\/uploads\/2021\/04\/Tintenfisch_Titelbild_Web-768x1086.jpg 768w, https:\/\/editionhazard.ch\/wp-content\/uploads\/2021\/04\/Tintenfisch_Titelbild_Web-1086x1536.jpg 1086w, https:\/\/editionhazard.ch\/wp-content\/uploads\/2021\/04\/Tintenfisch_Titelbild_Web-300x424.jpg 300w, https:\/\/editionhazard.ch\/wp-content\/uploads\/2021\/04\/Tintenfisch_Titelbild_Web-600x849.jpg 600w\" sizes=\"auto, (max-width: 150px) 100vw, 150px\" \/><\/p>\n\n\n\n<p>&#8230;ist <a href=\"https:\/\/editionhazard.ch\/?post_type=product\"><strong>hier <\/strong><\/a>erh\u00e4ltlich. Worum es geht? In Portolino steht die Welt pl\u00f6tzlich Kopf &#8211; genauso pl\u00f6tzlich wieder still und dann verschwindet auch noch Sandro. Eine Geschichte f\u00fcr Kinder ab ca. f\u00fcnf Jahren \u00fcber Neugier, Freundschaft und das richtige Mass. <\/p>\n\n\n\n<p>Die liebevoll frechen Zeichnungen von Anja Schorneck begeistern mit vielen Details. Hier geht&#8217;s zu <a href=\"https:\/\/www.instagram.com\/anjaschorneck\/\">Anjas Insta-Site<\/a>. Da wir auf Umweltpapier, welches nur schwach verleimt ist, gedruckt haben, kann es sein, dass die Bl\u00e4tter des Buches teilweise gewellt sind.<\/p>\n\n\n\n<h2 class=\"wp-block-heading\">Einw\u00fcrfe<\/h2>\n\n\n\n<h2 class=\"wp-block-heading\"><img loading=\"lazy\" decoding=\"async\" class=\"alignnone size-medium wp-image-466\" src=\"https:\/\/editionhazard.ch\/wp-content\/uploads\/2020\/09\/EH_Lebenslaenglich_Cover_WEB-300x213.jpg\" alt=\"\" width=\"300\" height=\"213\" srcset=\"https:\/\/editionhazard.ch\/wp-content\/uploads\/2020\/09\/EH_Lebenslaenglich_Cover_WEB-300x213.jpg 300w, https:\/\/editionhazard.ch\/wp-content\/uploads\/2020\/09\/EH_Lebenslaenglich_Cover_WEB-768x545.jpg 768w, https:\/\/editionhazard.ch\/wp-content\/uploads\/2020\/09\/EH_Lebenslaenglich_Cover_WEB-600x426.jpg 600w, https:\/\/editionhazard.ch\/wp-content\/uploads\/2020\/09\/EH_Lebenslaenglich_Cover_WEB.jpg 874w\" sizes=\"auto, (max-width: 300px) 100vw, 300px\" \/><\/h2>\n\n\n\n<p>M\u00f6gen Sie Spruchpostkarten? Unser Autor hat die frechen Spr\u00fcche ins Herz geschlossen und schreibt seit Jahren selber welche: &#8222;Gott ist alleinerziehend&#8220;, heisst es bei ihm, oder &#8222;Die unber\u00fchrte Natur beachtet uns zu wenig&#8220;.<\/p>\n\n\n\n<p>Nach einer langen Zeit des Wartens versammelt &#8222;Im Durchschnitt lebensl\u00e4nglich&#8220; endlich rund 100 solcher &#8222;Einw\u00fcrfe&#8220;: Kleine Frotzeleien zu zentralen Aspekten eines Lebens wie Geburt und Tod, Arbeit, Liebe, Heimat oder Essen. Vorsicht: die Spr\u00fcche sind schnell gelesen, gehen einem aber noch lange nach.<\/p>\n\n\n\n<p><b>Bestellen:<\/b><\/p>\n\n\n\n<p>Bestellen Sie &#8222;Im Durchschnitt lebensl\u00e4nglich&#8220; in der Schweiz direkt und portofrei <a href=\"https:\/\/editionhazard.ch\/?post_type=product\">bei uns<\/a> f\u00fcr CHF 12.-.<\/p>\n\n\n\n<p><a id=\"shoplink\" role=\"button\" href=\"https:\/\/editionhazard.ch\/?product=missliche-seefahrt\">Bestellen<br><\/a><\/p>\n\n\n\n<h2 class=\"wp-block-heading\" id=\"ueber-uns\">\u00dcber uns<\/h2>\n\n\n\n<p>Die Edition Hazard setzt sich f\u00fcr B\u00fccher und artverwandte Publikationen ein, die es schwer haben, in regul\u00e4ren Verlagsprogrammen einen Platz zu finden. Dies, weil viele Verlage aus finanziellen Gr\u00fcnden fast ausschliesslich auf Romane setzen.<\/p>\n\n\n\n<p>Die Edition Hazard ist nicht gewinnorientiert. Ihr Ziel ist es, B\u00fccher so erfolgreich zu machen, dass sie sich f\u00fcr eine weitere Auflage in einem Verlag mit professioneller Infrastruktur empfehlen.<\/p>\n\n\n\n<h2 class=\"wp-block-heading\" id=\"mitgliedschaft\">Mitgliedschaft<\/h2>\n\n\n\n<p>Aus Gr\u00fcnden der Effizienz ist in der Edition Hazard nur der Vorstand aktiv.<br>Wenn Sie Ihre Unterst\u00fctzung f\u00fcr den Verein ausdr\u00fccken m\u00f6chten, k\u00f6nnen Sie:<br>\u2022 In Ihrem Bekanntenkreis von der Edition Hazard und deren Produkten erz\u00e4hlen<br>\u2022 Produkte direkt bei der Edition Hazard <a rel=\"noopener\" href=\"https:\/\/editionhazard.ch\/?product=missliche-seefahrt\">bestellen<\/a><br>\u2022 Passivmitglied f\u00fcr den Jahresbeitrag von CHF 40 werden<br>\u2022 G\u00f6nnermitglied f\u00fcr den Jahresbeitrag von CHF 150 werden<\/p>\n\n\n\n<h2 class=\"wp-block-heading\" id=\"kontakt\">Kontakt<\/h2>\n\n\n\n<p>Verein Edition Hazard<br>c\/o Nelly Jaggi<br>Erlachstr. 20<br>3012 Bern<\/p>\n\n\n\n<p><a href=\"mailto:post@editionhazard.ch\" target=\"_blank\" rel=\"noopener noreferrer\">Mail<\/a><\/p>\n\n\n\n<h2 class=\"wp-block-heading\" id=\"manuskripte\">Manuskripte<\/h2>\n\n\n\n<p>Die M\u00f6glichkeiten der Edition Hazard sind beschr\u00e4nkt. Bitte verzichten Sie darauf, uns Manuskripte zuzusenden.<\/p>\n\n\n\n<p><\/p>\n","protected":false},"excerpt":{"rendered":"<p>Bruttofatalprodukt &#8222;Bruttofatalprodukt&#8220; ist der zweite Band mit Einw\u00fcrfen. Diese sind der Versuch, die wichtigsten Aspekte eines durchschnittlichen Lebens in Form von Spruchpostkarten zu verhandeln. Warum? Weil dem Ernst des Lebens eh nur mit Humor beizukommen ist. Nach den grossen Dingen von Band 1, &#8222;Im Durchschnitt lebensl\u00e4nglich&#8220;, geht es diesmal um die Plackerei des Gelderwerbs. Der&hellip;&nbsp;<a href=\"https:\/\/editionhazard.ch\/\" rel=\"bookmark\">Weiterlesen &raquo;<span class=\"screen-reader-text\"><\/span><\/a><\/p>\n","protected":false},"author":1,"featured_media":0,"parent":0,"menu_order":0,"comment_status":"closed","ping_status":"closed","template":"","meta":{"neve_meta_sidebar":"","neve_meta_container":"","neve_meta_enable_content_width":"off","neve_meta_content_width":0,"neve_meta_title_alignment":"","neve_meta_author_avatar":"","neve_post_elements_order":"","neve_meta_disable_header":"","neve_meta_disable_footer":"","neve_meta_disable_title":"","footnotes":""},"class_list":["post-256","page","type-page","status-publish","hentry"],"_links":{"self":[{"href":"https:\/\/editionhazard.ch\/index.php?rest_route=\/wp\/v2\/pages\/256","targetHints":{"allow":["GET"]}}],"collection":[{"href":"https:\/\/editionhazard.ch\/index.php?rest_route=\/wp\/v2\/pages"}],"about":[{"href":"https:\/\/editionhazard.ch\/index.php?rest_route=\/wp\/v2\/types\/page"}],"author":[{"embeddable":true,"href":"https:\/\/editionhazard.ch\/index.php?rest_route=\/wp\/v2\/users\/1"}],"replies":[{"embeddable":true,"href":"https:\/\/editionhazard.ch\/index.php?rest_route=%2Fwp%2Fv2%2Fcomments&post=256"}],"version-history":[{"count":126,"href":"https:\/\/editionhazard.ch\/index.php?rest_route=\/wp\/v2\/pages\/256\/revisions"}],"predecessor-version":[{"id":727,"href":"https:\/\/editionhazard.ch\/index.php?rest_route=\/wp\/v2\/pages\/256\/revisions\/727"}],"wp:attachment":[{"href":"https:\/\/editionhazard.ch\/index.php?rest_route=%2Fwp%2Fv2%2Fmedia&parent=256"}],"curies":[{"name":"wp","href":"https:\/\/api.w.org\/{rel}","templated":true}]}}